is 0 + -4508008?
-4508008
In base 7, what is 25160 - 6225?
15632
In base 14, what is 525b + -8b9?
4782
In base 9, what is 21848 - 151178?
-128230
In base 16, what is -143a1ca4 + -1?
-143a1ca5
In base 4, what is 12300133313 - -3203?
12300203122
In base 2, what is 1011110 + -1011011100010010001110?
-1011011100010000110000
In base 10, what is -919686 - 31?
-919717
In base 3, what is 101122201 + -1112010?
100010121
In base 9, what is -24 - 4322?
-4346
In base 16, what is 3 + -45321e?
-45321b
In base 9, what is -2 - -37532531?
37532528
In base 5, what is -434110331013 - -10?
-434110331003
In base 3, what is 122 - -1222012210221112?
1222012210222011
In base 13, what is -a956 + 94a?
-a009
In base 15, what is -73eca7 + -11?
-73ecb8
In base 15, what is 1b3d + 1?
1b3e
In base 15, what is 14a8 - -c68?
2221
In base 15, what is 29 - -31c27?
31c51
In base 4, what is 13022202230 + 20?
13022202310
In base 10, what is 968521 - 3?
968518
In base 8, what is 44535107 + -3?
44535104
In base 5, what is 220 - 10311213032?
-10311212312
In base 15, what is -80553b - 3?
-80553e
In base 14, what is -766c7 + -2a?
-76713
In base 6, what is 1013311 + 1035?
1014350
In base 4, what is 223 + 2033001233?
2033002122
In base 12, what is 15114 - 12142?
2b92
In base 15, what is 8003 + -15?
7edd
In base 11, what is 0 + -1977033?
-1977033
In base 16, what is 107a + -4d0?
baa
In base 2, what is 1000101110000110100101 + -1100?
1000101110000110011001
In base 10, what is 925 + 165765?
166690
In base 5, what is -1034 - 33104322?
-33110411
In base 13, what is -8178 - 159c?
-9747
In base 6, what is 13 + 4023504431?
4023504444
In base 10, what is 441037 - -42?
441079
In base 6, what is 5104035544 + 5?
5104035553
In base 9, what is -23 - 58552?
-58575
In base 12, what is 2b5 + -a1b3?
-9aba
In base 13, what is 2b1b2493 + -3?
2b1b2490
In base 9, what is 25881 + -75313?
-48322
In base 4, what is 2310 - -303033?
312003
In base 14, what is 43620 - 245?
433b9
In base 6, what is -1230 - -1012100?
1010430
In base 7, what is 235 - -314611?
315146
In base 6, what is -131 - -1521105?
1520534
In base 5, what is -3 + -34231430422?
-34231430430
In base 7, what is -1 + -60123214?
-60123215
In base 6, what is 14 + 335422?
335440
In base 11, what is -2 + -4a91a53?
-4a91a55
In base 16, what is -fd4e - b?
-fd59
In base 11, what is -1719 - -1282?
-447
In base 14, what is -4 - 1038839?
-103883d
In base 10, what is 20 + -308786?
-308766
In base 5, what is 10114203 - -10?
10114213
In base 16, what is 34025b - -4?
34025f
In base 16, what is -10a6de6 - 1?
-10a6de7
In base 6, what is -10320331 + -3255?
-10324030
In base 7, what is -35621 - 33114?
-102035
In base 10, what is 65 - -61951?
62016
In base 15, what is -41 + 42349?
42308
In base 5, what is 43 - 24231030?
-24230432
In base 8, what is 12146136 + 374?
12146532
In base 3, what is 1 - 1110212110210102?
-1110212110210101
In base 4, what is -111311003310 - -11?
-111311003233
In base 4, what is -233111222032 - -223?
-233111221203
In base 6, what is -2430340145 + 3?
-2430340142
In base 13, what is -a083 + 22b?
-9b55
In base 13, what is 2 + -4479611?
-447960c
In base 2, what is -101101101111010100011000 + -101?
-101101101111010100011101
In base 13, what is -2c1 + 153888?
153597
In base 11, what is -45a4494 - 4?
-45a4498
In base 5, what is -103031 - 4341?
-112422
In base 5, what is 2132324 + -1320113?
312211
In base 5, what is -243 + -10243433?
-10244231
In base 8, what is -166770 + -356?
-167346
In base 6, what is -4 + -1310302435?
-1310302443
In base 8, what is -277 + -336123?
-336422
In base 8, what is 551 + 471023?
471574
In base 16, what is 446e4 - 25?
446bf
In base 2, what is 110110110110111111110111010 - -11?
110110110110111111110111101
In base 14, what is -45 + -75cd55?
-75cd9a
In base 7, what is 4 - -61430425?
61430432
In base 11, what is 308 + -30940?
-30633
In base 16, what is -4 - -59a9f0?
59a9ec
In base 13, what is 18 + 1768c2b?
1768c46
In base 9, what is 2 + -201420375?
-201420373
In base 11, what is -555370966 - 5?
-555370970
In base 7, what is 24 - -414325?
414352
In base 14, what is 4 + -179910?
-17990a
In base 3, what is 0 - 122101110202?
-122101110202
In base 12, what is 86b288 - 35?
86b253
In base 4, what is 1210002 - -1011220?
2221222
In base 10, what is 38 + 2688405?
2688443
In base 8, what is -62 - -14375166?
14375104
In base 2, what is 1 + 1100001111011010011000110011?
1100001111011010011000110100
In base 6, what is -32 + -321243?
-321315
In base 13, what is 26a559 - -c?
26a568
In base 3, what is 202 + 1210020101220?
1210020102122
In base 7, what is -1535 - -340103?
335235
In base 7, what is 360045543 + 4?
360045550
In base 16, what is -64be6 + 189?
-64a5d
In base 2, what is -110001010001101111 - 1011111?
-110001010011001110
In base 14, what is -b117 - 28?
-b141
In base 5, what is 110210 - -320121?
430331
In base 4, what is -232 + -11320220112?
-11320221010
In base 2, what is 110 - 101000101001110000010?
-101000101001101111100
In base 15, what is 117b75 + d8?
117c5d
In base 11, what is 3357678 - 84?
33575a4
In base 16, what is bcd95 - 2b?
bcd6a
In base 7, what is 15656 - 26324?
-10335
In base 12, what is 3996a2 - 1?
3996a1
In base 13, what is -2 - 2563121?
-2563123
In base 6, what is 5 + -12232035?
-12232030
In base 15, what is -350b61 - 12?
-350b73
In base 16, what is 2fc2f9 - d?
2fc2ec
In base 9, what is -4734246 - 7?
-4734254
In base 3, what is 21011 - 10120010211?
-10112212200
In base 3, what is 121 - -1002021011121?
1002021012012
In base 9, what is 141 - 210168?
-210027
In base 16, what is 7 - -5bb848d?
5bb8494
In base 8, what is 3 - 252512055?
-252512052
In base 4, what is 11022300 + 33021?
11121321
In base 6, what is -1 + -131311002?
-131311003
In base 11, what is -8311a3 + -35?
-831228
In base 12, what is 90ba75 + -2?
90ba73
In base 16, what is fc + -56a9?
-55ad
In base 11, what is 13 - 1446819?
-1446806
In base 13, what is 22 - 84bc525?
-84bc503
In base 5, what is 14230233001 - -30?
14230233031
In base 10, what is -88648266 + 1?
-88648265
In base 13, what is -14 + 189149?
189135
In base 4, what is 12030033 - -10310213?
23000312
In base 5, what is 1 + 3443342400?
3443342401
In base 3, what is 1122011000 + 111010021?
2010021021
In base 15, what is d79 - 11ea?
-371
In base 15, what is 4e2 + -e81d?
-e32b
In base 10, what is 40 - 260499?
-260459
In base 7, what is -165000505 - 12?
-165000520
In base 5, what is -332204301 - -2?
-332204244
In base 15, what is -10b312 + 0?
-10b312
In base 6, what is 51 + 1350410213?
1350410304
In base 15, what is -a5b8 - 35b7?
-db80
In base 12, what is -9828258 + 1b?
-9828239
In base 10, what is -2 + 265304865?
265304863
In base 11, what is 1365aa + -62?
136548
In base 7, what is 20363 - 134025?
-113332
In base 15, what is 77880 - -11?
77891
In base 5, what is 132 + 310200000?
310200132
In base 7, what is -223013 - -2201?
-220512
In base 16, what is -5 + 71aabab?
71aaba6
In base 10, what is 8190 + 78053?
86243
In base 15, what is -2b2a + 16d?
-29ac
In base 9, what is 6384187 - -42?
6384240
In base 12, what is 603 + -8226a?
-81867
In base 14, what is -5b + -2c14d?
-2c1aa
In base 13, what is -2687227 - -3?
-2687224
In base 15, what is -b + -e0d12?
-e0d1d
In base 15, what is 5784 - -133?
58b7
In base 7, what is -12201 - 35003?
-50204
In base 9, what is 3 + 72314474?
72314477
In base 13, what is -41 - 30979?
-309ba
In base 6, what is -5 - 1511014423?
-1511014432
In base 3, what is 12211 - -20022210010?
20022222221
In base 2, what is -100001011001101001 - -10110?
-100001011001010011
In base 8, what is -2571567 + 56?
-2571511
In base 9, what is 138017 - 178?
137728
In base 9, what is 5 + 173444?
173450
In base 11, what is 3 - -1035394?
1035397
In base 14, what is 4b8d76 - -3?
4b8d79
In base 16, what is -8e2b8 + 10?
-8e2a8
In base 12, what is 288472 + 69?
28851b
In base 7, what is -204031 + 64?
-203634
In base 15, what is -5 - -22326a4?
223269e
In base 14, what is 4737b - 589?
46bd2
In base 16, what is 0 - 13c1b6b1?
-13c1b6b1
In base 7, what is 2616665 + 104?
2620102
In base 10, what is -5542333 + -5?
-5542338
In base 12, what is 93b2031b + -1?
93b2031a
In base 8, what is 2 + -441727524?
-441727522
In base 10, what is 3 + 3863136?
3863139
In base 4, what is -3100131 + -12112?
-3112303
In base 8, what is 3 - 1076